{"id":829,"date":"2021-08-08T10:07:00","date_gmt":"2021-08-08T08:07:00","guid":{"rendered":"http:\/\/www.reli-revi64.fr\/?page_id=829"},"modified":"2026-01-19T20:36:20","modified_gmt":"2026-01-19T18:36:20","slug":"tarifs-2016-2017","status":"publish","type":"page","link":"http:\/\/www.reli-revi64.fr\/?page_id=829","title":{"rendered":"Tarifs 2025-2026 -Mi-saison (\u00e0 partir du 1er f\u00e9vrier 2026)"},"content":{"rendered":"\n<p><a href=\"http:\/\/www.reli-revi64.fr\/?attachment_id=1787\">L&rsquo;association Reli-Revi64 accepte toutes les adh\u00e9sions, m\u00eame en cours d&rsquo;ann\u00e9e! <\/a><br><a href=\"http:\/\/www.reli-revi64.fr\/?attachment_id=1787\">Il y a droit \u00e0 un cours d&rsquo;essai gratuit!<br>L&rsquo;association a un tarif de d\u00e9but d&rsquo;ann\u00e9e (de septembre \u00e0 janvier inclus) puis un deuxi\u00e8me tarif pour ceux qui arrivent au 1er f\u00e9vrier 2026 !<\/a><\/p>\n\n\n\n<div class=\"wp-block-file\"><object class=\"wp-block-file__embed\" data=\"http:\/\/www.reli-revi64.fr\/wp-content\/uploads\/2026\/01\/Tarifs-2025-2026-a-partir-du-1er-fevrier.pdf\" type=\"application\/pdf\" style=\"width:100%;height:600px\" aria-label=\"Contenu embarqu\u00e9 Tarifs-2025-2026-a-partir-du-1er-fevrier.\"><\/object><a id=\"wp-block-file--media-24609f74-368c-46d9-b649-ce2fb8362ff1\" href=\"http:\/\/www.reli-revi64.fr\/wp-content\/uploads\/2026\/01\/Tarifs-2025-2026-a-partir-du-1er-fevrier.pdf\">Tarifs-2025-2026-a-partir-du-1er-fevrier<\/a><a href=\"http:\/\/www.reli-revi64.fr\/wp-content\/uploads\/2026\/01\/Tarifs-2025-2026-a-partir-du-1er-fevrier.pdf\" class=\"wp-block-file__button wp-element-button\" download aria-describedby=\"wp-block-file--media-24609f74-368c-46d9-b649-ce2fb8362ff1\">T\u00e9l\u00e9charger<\/a><\/div>\n\n\n\n<figure class=\"wp-block-image size-large\"><a href=\"http:\/\/www.reli-revi64.fr\/wp-content\/uploads\/2026\/01\/Tarifs-2025-2026-a-partir-du-1er-fevrier.jpg\"><img decoding=\"async\" loading=\"lazy\" width=\"1024\" height=\"724\" src=\"http:\/\/www.reli-revi64.fr\/wp-content\/uploads\/2026\/01\/Tarifs-2025-2026-a-partir-du-1er-fevrier-1024x724.jpg\" alt=\"\" class=\"wp-image-2038\" srcset=\"http:\/\/www.reli-revi64.fr\/wp-content\/uploads\/2026\/01\/Tarifs-2025-2026-a-partir-du-1er-fevrier-1024x724.jpg 1024w, http:\/\/www.reli-revi64.fr\/wp-content\/uploads\/2026\/01\/Tarifs-2025-2026-a-partir-du-1er-fevrier-300x212.jpg 300w, http:\/\/www.reli-revi64.fr\/wp-content\/uploads\/2026\/01\/Tarifs-2025-2026-a-partir-du-1er-fevrier-768x543.jpg 768w, http:\/\/www.reli-revi64.fr\/wp-content\/uploads\/2026\/01\/Tarifs-2025-2026-a-partir-du-1er-fevrier-1536x1086.jpg 1536w, http:\/\/www.reli-revi64.fr\/wp-content\/uploads\/2026\/01\/Tarifs-2025-2026-a-partir-du-1er-fevrier.jpg 1907w\" sizes=\"(max-width: 1024px) 100vw, 1024px\" \/><\/a><\/figure>\n","protected":false},"excerpt":{"rendered":"<p>L&rsquo;association Reli-Revi64 accepte toutes les adh\u00e9sions, m\u00eame en cours d&rsquo;ann\u00e9e! Il y a droit \u00e0 un cours d&rsquo;essai gratuit!L&rsquo;association a un tarif de d\u00e9but d&rsquo;ann\u00e9e (de septembre \u00e0 janvier inclus) puis un deuxi\u00e8me tarif pour ceux qui arrivent au 1er f\u00e9vrier 2026 !<\/p>\n","protected":false},"author":1,"featured_media":0,"parent":0,"menu_order":0,"comment_status":"closed","ping_status":"closed","template":"","meta":[],"categories":[6],"tags":[],"_links":{"self":[{"href":"http:\/\/www.reli-revi64.fr\/index.php?rest_route=\/wp\/v2\/pages\/829"}],"collection":[{"href":"http:\/\/www.reli-revi64.fr\/index.php?rest_route=\/wp\/v2\/pages"}],"about":[{"href":"http:\/\/www.reli-revi64.fr\/index.php?rest_route=\/wp\/v2\/types\/page"}],"author":[{"embeddable":true,"href":"http:\/\/www.reli-revi64.fr\/index.php?rest_route=\/wp\/v2\/users\/1"}],"replies":[{"embeddable":true,"href":"http:\/\/www.reli-revi64.fr\/index.php?rest_route=%2Fwp%2Fv2%2Fcomments&post=829"}],"version-history":[{"count":23,"href":"http:\/\/www.reli-revi64.fr\/index.php?rest_route=\/wp\/v2\/pages\/829\/revisions"}],"predecessor-version":[{"id":2040,"href":"http:\/\/www.reli-revi64.fr\/index.php?rest_route=\/wp\/v2\/pages\/829\/revisions\/2040"}],"wp:attachment":[{"href":"http:\/\/www.reli-revi64.fr\/index.php?rest_route=%2Fwp%2Fv2%2Fmedia&parent=829"}],"wp:term":[{"taxonomy":"category","embeddable":true,"href":"http:\/\/www.reli-revi64.fr\/index.php?rest_route=%2Fwp%2Fv2%2Fcategories&post=829"},{"taxonomy":"post_tag","embeddable":true,"href":"http:\/\/www.reli-revi64.fr\/index.php?rest_route=%2Fwp%2Fv2%2Ftags&post=829"}],"curies":[{"name":"wp","href":"https:\/\/api.w.org\/{rel}","templated":true}]}}

Tarifs 2025-2026 -Mi-saison (à partir du 1er février 2026)

<p><a href="http://www.reli-revi64.fr/?attachment_id=1787">L&rsquo;association Reli-Revi64 accepte toutes les adhésions, même en cours d&rsquo;année! </a><br><a href="http://www.reli-revi64.fr/?attachment_id=1787">Il y a droit à un cours d&rsquo;essai gratuit!<br>L&rsquo;association a un tarif de début d&rsquo;année (de septembre à janvier inclus) puis un deuxième tarif pour ceux qui arrivent au 1er février 2026 !</a></p>



<div class="wp-block-file"><object class="wp-block-file__embed" data="http://www.reli-revi64.fr/wp-content/uploads/2026/01/Tarifs-2025-2026-a-partir-du-1er-fevrier.pdf" type="application/pdf" style="width:100%;height:600px" aria-label="Contenu embarqué Tarifs-2025-2026-a-partir-du-1er-fevrier."></object><a id="wp-block-file--media-24609f74-368c-46d9-b649-ce2fb8362ff1" href="http://www.reli-revi64.fr/wp-content/uploads/2026/01/Tarifs-2025-2026-a-partir-du-1er-fevrier.pdf">Tarifs-2025-2026-a-partir-du-1er-fevrier</a><a href="http://www.reli-revi64.fr/wp-content/uploads/2026/01/Tarifs-2025-2026-a-partir-du-1er-fevrier.pdf" class="wp-block-file__button wp-element-button" download aria-describedby="wp-block-file--media-24609f74-368c-46d9-b649-ce2fb8362ff1">Télécharger</a></div>



<figure class="wp-block-image size-large"><a href="http://www.reli-revi64.fr/wp-content/uploads/2026/01/Tarifs-2025-2026-a-partir-du-1er-fevrier.jpg"><img decoding="async" loading="lazy" width="1024" height="724" src="http://www.reli-revi64.fr/wp-content/uploads/2026/01/Tarifs-2025-2026-a-partir-du-1er-fevrier-1024x724.jpg" alt="" class="wp-image-2038" srcset="http://www.reli-revi64.fr/wp-content/uploads/2026/01/Tarifs-2025-2026-a-partir-du-1er-fevrier-1024x724.jpg 1024w, http://www.reli-revi64.fr/wp-content/uploads/2026/01/Tarifs-2025-2026-a-partir-du-1er-fevrier-300x212.jpg 300w, http://www.reli-revi64.fr/wp-content/uploads/2026/01/Tarifs-2025-2026-a-partir-du-1er-fevrier-768x543.jpg 768w, http://www.reli-revi64.fr/wp-content/uploads/2026/01/Tarifs-2025-2026-a-partir-du-1er-fevrier-1536x1086.jpg 1536w, http://www.reli-revi64.fr/wp-content/uploads/2026/01/Tarifs-2025-2026-a-partir-du-1er-fevrier.jpg 1907w" sizes="(max-width: 1024px) 100vw, 1024px" /></a></figure>

<p>L&rsquo;association Reli-Revi64 accepte toutes les adhésions, même en cours d&rsquo;année! Il y a droit à un cours d&rsquo;essai gratuit!L&rsquo;association a un tarif de début d&rsquo;année (de septembre à janvier inclus) puis un deuxième tarif pour ceux qui arrivent au 1er février 2026 !</p>
