{"id":21,"date":"2014-06-20T21:02:03","date_gmt":"2014-06-20T19:02:03","guid":{"rendered":"http:\/\/www.reli-revi64.fr\/?page_id=21"},"modified":"2019-01-27T17:08:13","modified_gmt":"2019-01-27T15:08:13","slug":"sondage","status":"publish","type":"page","link":"http:\/\/www.reli-revi64.fr\/?page_id=21","title":{"rendered":"Contact"},"content":{"rendered":"<p>Merci, afin que nous puissions r\u00e9pondre au mieux \u00e0 vos attentes et \u00e0 vos besoins, de compl\u00e9ter ci-dessous.<\/p>\n<p>[ninja_form id=1]<\/p>\n","protected":false},"excerpt":{"rendered":"<p>Merci, afin que nous puissions r\u00e9pondre au mieux \u00e0 vos attentes et \u00e0 vos besoins, de compl\u00e9ter ci-dessous. [ninja_form id=1]<\/p>\n","protected":false},"author":1,"featured_media":0,"parent":0,"menu_order":0,"comment_status":"closed","ping_status":"closed","template":"","meta":[],"categories":[6],"tags":[],"_links":{"self":[{"href":"http:\/\/www.reli-revi64.fr\/index.php?rest_route=\/wp\/v2\/pages\/21"}],"collection":[{"href":"http:\/\/www.reli-revi64.fr\/index.php?rest_route=\/wp\/v2\/pages"}],"about":[{"href":"http:\/\/www.reli-revi64.fr\/index.php?rest_route=\/wp\/v2\/types\/page"}],"author":[{"embeddable":true,"href":"http:\/\/www.reli-revi64.fr\/index.php?rest_route=\/wp\/v2\/users\/1"}],"replies":[{"embeddable":true,"href":"http:\/\/www.reli-revi64.fr\/index.php?rest_route=%2Fwp%2Fv2%2Fcomments&post=21"}],"version-history":[{"count":8,"href":"http:\/\/www.reli-revi64.fr\/index.php?rest_route=\/wp\/v2\/pages\/21\/revisions"}],"predecessor-version":[{"id":1300,"href":"http:\/\/www.reli-revi64.fr\/index.php?rest_route=\/wp\/v2\/pages\/21\/revisions\/1300"}],"wp:attachment":[{"href":"http:\/\/www.reli-revi64.fr\/index.php?rest_route=%2Fwp%2Fv2%2Fmedia&parent=21"}],"wp:term":[{"taxonomy":"category","embeddable":true,"href":"http:\/\/www.reli-revi64.fr\/index.php?rest_route=%2Fwp%2Fv2%2Fcategories&post=21"},{"taxonomy":"post_tag","embeddable":true,"href":"http:\/\/www.reli-revi64.fr\/index.php?rest_route=%2Fwp%2Fv2%2Ftags&post=21"}],"curies":[{"name":"wp","href":"https:\/\/api.w.org\/{rel}","templated":true}]}}