{"id":1216,"date":"2018-08-12T16:08:17","date_gmt":"2018-08-12T14:08:17","guid":{"rendered":"http:\/\/www.reli-revi64.fr\/?page_id=1216"},"modified":"2018-09-05T20:38:08","modified_gmt":"2018-09-05T18:38:08","slug":"slem","status":"publish","type":"page","link":"http:\/\/www.reli-revi64.fr\/?page_id=1216","title":{"rendered":"-Slem"},"content":{"rendered":"<p><span style=\"color: #000080;\"><span style=\"font-size: medium;\"><i>Professeur de danse depuis mes 22 ans, j&rsquo;enseigne la culture Hip-Hop.<\/i><\/span><\/span><\/p>\n<p><span style=\"color: #000080;\"><span style=\"font-size: medium;\"><i>A 20 ans je me professionnalise gr\u00e2ce \u00e0 des formations aux diff\u00e9rentes danses que cette culture nous apporte:<\/i><\/span><span style=\"font-size: medium;\"><i>Pop, Lock, Krump, Break, Smurf <\/i><\/span><\/span><\/p>\n<p><span style=\"color: #000080;\"><span style=\"font-size: medium;\"><i><u>Durant toutes ces ann\u00e9es, j&rsquo;ai particip\u00e9 \u00e0 plusieurs <\/u><u>\u00e9v\u00e9nements<\/u>\u00a0: <\/i><\/span><span style=\"font-size: medium;\"><i>&#8211; Compagnie\/ <\/i><\/span><span style=\"font-size: medium;\"><i>&#8211; Battles\/ <\/i><\/span><span style=\"font-size: medium;\"><i>&#8211; Clips vid\u00e9os\/ <\/i><\/span><span style=\"font-size: medium;\"><i>&#8211; Spectacles<\/i><\/span><\/span><\/p>\n<p><span style=\"font-size: medium; color: #000080;\"><i><u>Depuis je me consacre \u00e0 la nouvelle g\u00e9n\u00e9ration et aime les challenges <\/u>:<\/i><\/span><\/p>\n<p><span style=\"color: #000080;\"><span style=\"font-size: medium;\"><i>&#8211; CND Bordeaux (m\u00e9daille d&rsquo;or avec coup de c\u0153ur du jury) <\/i><\/span><span style=\"font-size: medium;\"><i> (m\u00e9daille d&rsquo;or) <\/i><\/span><span style=\"font-size: medium;\"><i> (m\u00e9daille de bronze)<a href=\"http:\/\/www.reli-revi64.fr\/?attachment_id=1217\" rel=\"attachment wp-att-1217\"><img decoding=\"async\" loading=\"lazy\" class=\"wp-image-1217 alignright\" src=\"http:\/\/www.reli-revi64.fr\/wp-content\/uploads\/2018\/08\/SLEM-300x150.jpg\" alt=\"\" width=\"482\" height=\"241\" srcset=\"http:\/\/www.reli-revi64.fr\/wp-content\/uploads\/2018\/08\/SLEM-300x150.jpg 300w, http:\/\/www.reli-revi64.fr\/wp-content\/uploads\/2018\/08\/SLEM-768x384.jpg 768w, http:\/\/www.reli-revi64.fr\/wp-content\/uploads\/2018\/08\/SLEM.jpg 960w\" sizes=\"(max-width: 482px) 100vw, 482px\" \/><\/a><br \/>\n<\/i><\/span><\/span><\/p>\n<p><span style=\"font-size: medium; color: #000080;\"><i>&#8211; Plusieurs battles effectu\u00e9es avec de tr\u00e8s bon r\u00e9sultats dont 1 champion des Landes en 2016-2017<\/i><\/span><\/p>\n<p><span style=\"font-size: medium;\"><i><span style=\"color: #000080;\">J&rsquo;esp\u00e8re pouvoir apporter \u00e0 votre association du dynamisme, de la joie, du partage mais surtout la vraie culture Hip Hop !!\u00a0<\/span> <\/i><\/span><\/p>\n","protected":false},"excerpt":{"rendered":"<p>Professeur de danse depuis mes 22 ans, j&rsquo;enseigne la culture Hip-Hop. A 20 ans je me professionnalise gr\u00e2ce \u00e0 des formations aux diff\u00e9rentes danses que cette culture nous apporte:Pop, Lock, Krump, Break, Smurf Durant toutes ces ann\u00e9es, j&rsquo;ai particip\u00e9 \u00e0 plusieurs \u00e9v\u00e9nements\u00a0: &#8211; Compagnie\/ &#8211; Battles\/ &#8211; Clips vid\u00e9os\/ &#8211; Spectacles Depuis je me consacre [&hellip;]<\/p>\n","protected":false},"author":1,"featured_media":0,"parent":0,"menu_order":0,"comment_status":"closed","ping_status":"closed","template":"","meta":[],"categories":[],"tags":[],"_links":{"self":[{"href":"http:\/\/www.reli-revi64.fr\/index.php?rest_route=\/wp\/v2\/pages\/1216"}],"collection":[{"href":"http:\/\/www.reli-revi64.fr\/index.php?rest_route=\/wp\/v2\/pages"}],"about":[{"href":"http:\/\/www.reli-revi64.fr\/index.php?rest_route=\/wp\/v2\/types\/page"}],"author":[{"embeddable":true,"href":"http:\/\/www.reli-revi64.fr\/index.php?rest_route=\/wp\/v2\/users\/1"}],"replies":[{"embeddable":true,"href":"http:\/\/www.reli-revi64.fr\/index.php?rest_route=%2Fwp%2Fv2%2Fcomments&post=1216"}],"version-history":[{"count":4,"href":"http:\/\/www.reli-revi64.fr\/index.php?rest_route=\/wp\/v2\/pages\/1216\/revisions"}],"predecessor-version":[{"id":1241,"href":"http:\/\/www.reli-revi64.fr\/index.php?rest_route=\/wp\/v2\/pages\/1216\/revisions\/1241"}],"wp:attachment":[{"href":"http:\/\/www.reli-revi64.fr\/index.php?rest_route=%2Fwp%2Fv2%2Fmedia&parent=1216"}],"wp:term":[{"taxonomy":"category","embeddable":true,"href":"http:\/\/www.reli-revi64.fr\/index.php?rest_route=%2Fwp%2Fv2%2Fcategories&post=1216"},{"taxonomy":"post_tag","embeddable":true,"href":"http:\/\/www.reli-revi64.fr\/index.php?rest_route=%2Fwp%2Fv2%2Ftags&post=1216"}],"curies":[{"name":"wp","href":"https:\/\/api.w.org\/{rel}","templated":true}]}}